{"id":21,"date":"2023-01-30T11:23:35","date_gmt":"2023-01-30T11:23:35","guid":{"rendered":"https:\/\/fet00.etsit.uma.es\/?page_id=21"},"modified":"2025-07-31T12:31:22","modified_gmt":"2025-07-31T10:31:22","slug":"inicio","status":"publish","type":"page","link":"https:\/\/fet.teleco.uma.es\/","title":{"rendered":"Inicio"},"content":{"rendered":"\n\n\n\n<div style=\"height:100px\" aria-hidden=\"true\" class=\"wp-block-spacer\"><\/div>\n\n\n\n<h2 class=\"wp-block-heading has-text-align-center\">\u00bfQU\u00c9 ES EL FET?<\/h2>\n\n\n<p style=\"text-align: justify;\"><span style=\"color: #ffffff;\">El Foro de Empresas de Telecomunicaci\u00f3n nace con la intenci\u00f3n de fortalecer la relaci\u00f3n entre la Escuela T\u00e9cnica Superior de Ingenier\u00eda de Telecomunicaci\u00f3n de la Universidad de M\u00e1laga y el mundo laboral del sector de las tecnolog\u00edas de la informaci\u00f3n y las comunicaciones. Permitir\u00e1 a los estudiantes, docentes e investigadores ser m\u00e1s conscientes del mundo profesional que les rodea y a las empresas beneficiarse de una mayor y mejor relaci\u00f3n con la Universidad, as\u00ed como conocer de primera mano la cantera de futuros ingenieros, llenos de nuevas ideas y ganas de trabajar.<br \/>Adem\u00e1s, aprovechando la cercan\u00eda f\u00edsica entre la ETSIT y el PTA, este evento es un importante paso hacia un marco de interacci\u00f3n que cierre el \u201cC\u00edrculo virtuoso de la innovaci\u00f3n\u201d, base del \u00e9xito de otros motores econ\u00f3micos basados en el I+D+i.<\/span><\/p>\n\n\n<div style=\"height:100px\" aria-hidden=\"true\" class=\"wp-block-spacer\"><\/div>\n\n\n\n<h2 class=\"wp-block-heading has-text-align-center\">\u00a1\u00a1 NUEVO FORMATO !!<\/h2>\n\n\n<p style=\"text-align: justify;\">Los que hab\u00e9is conocido ediciones anteriores, recordar\u00e9is que se realizaban una serie de charlas en el Sal\u00f3n de Actos de nuestra Escuela de cada una de las empresas participantes.<\/p>\n<p style=\"text-align: justify;\">Por segundo a\u00f1o consecutivo hemos decidido que la actividad sea m\u00e1s proactiva y acerque a\u00fan m\u00e1s al estudiante las empresas, as\u00ed como adentrarlos en el entorno de trabajo real de cada una de ellas.<\/p>\n<p style=\"text-align: justify;\">Por ello, en lugar de tener una serie de expositores en la Escuela con informaci\u00f3n de diferentes empresas, hemos organizado una serie de visitas guiadas a las instalaciones de varias empresas del M\u00e1laga Tech Park, con autob\u00fas fletado por la Escuela que os llevar\u00e1 y os recoger\u00e1 de forma totalmente gratuita, por lo que s\u00f3lo os tendr\u00e9is que preocupar de disfrutar!<\/p>\n<p style=\"text-align: justify;\">Por \u00faltimo, recordad que la franja central de esos dos d\u00edas (10.40 a 12.30h) no tiene actividad docente programada, precisamente para que pod\u00e1is realizar esta actividad sin ning\u00fan tipo de perjuicio.<\/p>\n<h4>Para m\u00e1s informaci\u00f3n e inscripciones, pincha aqu\u00ed.<\/h4>\n\n\n<div class=\"wp-block-buttons is-content-justification-center is-layout-flex wp-container-core-buttons-is-layout-1 wp-block-buttons-is-layout-flex\"><\/div>\n\n\n\n<div style=\"height:100px\" aria-hidden=\"true\" class=\"wp-block-spacer\"><\/div>\n\n\n\n<h2 class=\"wp-block-heading has-text-align-center\">EMPRESAS PARTICIPANTES<\/h2>\n\n\n<p>[tlpteam id=\u00bb60&#8243; title=\u00bbEmpresas\u00bb]<\/p>\n\n\n\n<div style=\"height:100px\" aria-hidden=\"true\" class=\"wp-block-spacer\"><\/div>\n\n\n\n<h2 class=\"wp-block-heading has-text-align-center\">OPORTUNIDADES<\/h2>\n\n\n<div class=\"wp-block-image\">\n<figure class=\"aligncenter size-full is-resized\"><img decoding=\"async\" src=\"https:\/\/fet00.etsit.uma.es\/wp-content\/uploads\/2023\/02\/C1.png\" alt=\"Aprende\" class=\"wp-image-113\" style=\"width:157px;height:157px\"\/><\/figure><\/div>\n\n\n<p class=\"has-text-align-center\"><strong>Aprende<\/strong><\/p>\n\n\n\n<p class=\"has-text-align-center\">Actividades para prepararse para el mundo laboral.<\/p>\n\n\n<div class=\"wp-block-image\">\n<figure class=\"aligncenter size-full is-resized\"><img decoding=\"async\" src=\"https:\/\/fet00.etsit.uma.es\/wp-content\/uploads\/2023\/02\/C2.png\" alt=\"Pregunta\" class=\"wp-image-114\" style=\"width:136px;height:136px\"\/><\/figure><\/div>\n\n\n<p class=\"has-text-align-center\"><strong>Pregunta a expertos<\/strong><\/p>\n\n\n\n<p class=\"has-text-align-center\">Tu oportunidad para preguntar todas tus dudas a profesionales de diferentes compa\u00f1\u00edas.<\/p>\n\n\n<div class=\"wp-block-image\">\n<figure class=\"aligncenter size-full is-resized\"><img decoding=\"async\" src=\"https:\/\/fet00.etsit.uma.es\/wp-content\/uploads\/2023\/02\/C3.png\" alt=\"Activate\" class=\"wp-image-115\" style=\"width:157px;height:157px\"\/><\/figure><\/div>\n\n\n<p class=\"has-text-align-center has-regular-font-size\"><strong>Act\u00edvate<\/strong><\/p>\n\n\n\n<p class=\"has-text-align-center\">No esperes m\u00e1s, comienza a buscarte un futuro laboral prometedor.<br><\/p>\n\n\n<div class=\"wp-block-image\">\n<figure class=\"aligncenter size-full is-resized\"><img decoding=\"async\" src=\"https:\/\/fet00.etsit.uma.es\/wp-content\/uploads\/2023\/02\/C4-2.png\" alt=\"Explora\" class=\"wp-image-120\" style=\"width:157px;height:157px\"\/><\/figure><\/div>\n\n\n<p class=\"has-text-align-center has-regular-font-size\"><strong>Explora<\/strong><\/p>\n\n\n\n<p class=\"has-text-align-center\">Conoce de primera mano los perfiles m\u00e1s buscados para las empresas, y prep\u00e1rate para ello.<br><\/p>\n\n\n\n<p><\/p>\n\n\n\n<div style=\"height:100px\" aria-hidden=\"true\" class=\"wp-block-spacer\"><\/div>\n\n\n\n<h2 class=\"wp-block-heading has-text-align-center\">\u00bfD\u00f3nde?<\/h2>\n\n\n\n<p>E.T.S.I. de Telecomunicaci\u00f3n, Universidad de M\u00e1laga<br>Campus de Teatinos, Bulevar Louis Pasteur n\u00ba 35<br>29071 M\u00e1laga, Espa\u00f1a<\/p>\n\n\n<p>[wpgmza id=\u00bb1&#8243;]<\/p>\n\n\n\n<p><\/p>\n\n\n\n<p>\u00bfC\u00f3mo llegar?<\/p>\n\n\n\n<p>Las&nbsp;<a href=\"http:\/\/www.emtmalaga.es\/emt-classic\/home.html\" target=\"_blank\" rel=\"noreferrer noopener\">l\u00edneas de autobuses<\/a>&nbsp;que tienen paradas m\u00e1s pr\u00f3ximas a la Escuela son:<\/p>\n\n\n\n<ul>\n<li><strong>L\u00ednea 8<\/strong>&nbsp;(Alameda Principal &#8211; Colonia Santa In\u00e9s &#8211; Cl\u00ednico) &#8211;&nbsp;<strong>Parada 2251<\/strong>&nbsp;(Hospital Cl\u00ednico)<\/li>\n\n\n\n<li><strong>L\u00ednea 11<\/strong>&nbsp;(Universidad &#8211; Alameda Principal &#8211; El Palo: P. Virginia)-<strong>Parada 2056<\/strong>&nbsp;(Louis Pasteur)<\/li>\n\n\n\n<li><strong>L\u00ednea 22<\/strong>&nbsp;(Avda. de Moliere &#8211; Tiro de Pich\u00f3n &#8211; Universidad) &#8211;&nbsp;<strong>Parada 2206<\/strong>&nbsp;(Louis Pasteur)<\/li>\n\n\n\n<li><strong>L\u00ednea 25<\/strong>&nbsp;(Paseo del Parque &#8211; Campanillas &#8211; Maqueda) &#8211;&nbsp;<strong>Parada 2502<\/strong>&nbsp;(Andr\u00e9s Llorden)<\/li>\n<\/ul>\n\n\n\n<p>Las&nbsp;<a href=\"http:\/\/metromalaga.es\/lineas-y-mapas\/\" target=\"_blank\" rel=\"noreferrer noopener\">l\u00edneas de metro<\/a>&nbsp;que tienen paradas m\u00e1s pr\u00f3ximas a la Escuela son:<\/p>\n\n\n\n<ul>\n<li><strong>L\u00ednea 1<\/strong>&nbsp;(Andaluc\u00eda Tech &#8211; El Perchel) &#8211;&nbsp;<strong>Parada Hospital Cl\u00ednico<\/strong><\/li>\n<\/ul>\n","protected":false},"excerpt":{"rendered":"<p>\u00bfQU\u00c9 ES EL FET? El Foro de Empresas de Telecomunicaci\u00f3n nace con la intenci\u00f3n de fortalecer la relaci\u00f3n entre la Escuela T\u00e9cnica Superior de Ingenier\u00eda de Telecomunicaci\u00f3n de la Universidad de M\u00e1laga y el mundo laboral del sector de las tecnolog\u00edas de la informaci\u00f3n y las comunicaciones. Permitir\u00e1 a los estudiantes, docentes e investigadores ser&#8230;<\/p>\n","protected":false},"author":2,"featured_media":0,"parent":0,"menu_order":0,"comment_status":"closed","ping_status":"closed","template":"","meta":{"footnotes":""},"_links":{"self":[{"href":"https:\/\/fet.teleco.uma.es\/index.php?rest_route=\/wp\/v2\/pages\/21"}],"collection":[{"href":"https:\/\/fet.teleco.uma.es\/index.php?rest_route=\/wp\/v2\/pages"}],"about":[{"href":"https:\/\/fet.teleco.uma.es\/index.php?rest_route=\/wp\/v2\/types\/page"}],"author":[{"embeddable":true,"href":"https:\/\/fet.teleco.uma.es\/index.php?rest_route=\/wp\/v2\/users\/2"}],"replies":[{"embeddable":true,"href":"https:\/\/fet.teleco.uma.es\/index.php?rest_route=%2Fwp%2Fv2%2Fcomments&post=21"}],"version-history":[{"count":6,"href":"https:\/\/fet.teleco.uma.es\/index.php?rest_route=\/wp\/v2\/pages\/21\/revisions"}],"predecessor-version":[{"id":216,"href":"https:\/\/fet.teleco.uma.es\/index.php?rest_route=\/wp\/v2\/pages\/21\/revisions\/216"}],"wp:attachment":[{"href":"https:\/\/fet.teleco.uma.es\/index.php?rest_route=%2Fwp%2Fv2%2Fmedia&parent=21"}],"curies":[{"name":"wp","href":"https:\/\/api.w.org\/{rel}","templated":true}]}}

<div style="height:100px" aria-hidden="true" class="wp-block-spacer"></div>



<h2 class="wp-block-heading has-text-align-center">¿QUÉ ES EL FET?</h2>


<p style="text-align: justify;"><span style="color: #ffffff;">El Foro de Empresas de Telecomunicación nace con la intención de fortalecer la relación entre la Escuela Técnica Superior de Ingeniería de Telecomunicación de la Universidad de Málaga y el mundo laboral del sector de las tecnologías de la información y las comunicaciones. Permitirá a los estudiantes, docentes e investigadores ser más conscientes del mundo profesional que les rodea y a las empresas beneficiarse de una mayor y mejor relación con la Universidad, así como conocer de primera mano la cantera de futuros ingenieros, llenos de nuevas ideas y ganas de trabajar.<br />Además, aprovechando la cercanía física entre la ETSIT y el PTA, este evento es un importante paso hacia un marco de interacción que cierre el “Círculo virtuoso de la innovación”, base del éxito de otros motores económicos basados en el I+D+i.</span></p>


<div style="height:100px" aria-hidden="true" class="wp-block-spacer"></div>



<h2 class="wp-block-heading has-text-align-center">¡¡ NUEVO FORMATO !!</h2>


<p style="text-align: justify;">Los que habéis conocido ediciones anteriores, recordaréis que se realizaban una serie de charlas en el Salón de Actos de nuestra Escuela de cada una de las empresas participantes.</p>
<p style="text-align: justify;">Por segundo año consecutivo hemos decidido que la actividad sea más proactiva y acerque aún más al estudiante las empresas, así como adentrarlos en el entorno de trabajo real de cada una de ellas.</p>
<p style="text-align: justify;">Por ello, en lugar de tener una serie de expositores en la Escuela con información de diferentes empresas, hemos organizado una serie de visitas guiadas a las instalaciones de varias empresas del Málaga Tech Park, con autobús fletado por la Escuela que os llevará y os recogerá de forma totalmente gratuita, por lo que sólo os tendréis que preocupar de disfrutar!</p>
<p style="text-align: justify;">Por último, recordad que la franja central de esos dos días (10.40 a 12.30h) no tiene actividad docente programada, precisamente para que podáis realizar esta actividad sin ningún tipo de perjuicio.</p>
<h4>Para más información e inscripciones, pincha aquí.</h4>


<div class="wp-block-buttons is-content-justification-center is-layout-flex wp-container-core-buttons-is-layout-1 wp-block-buttons-is-layout-flex"></div>



<div style="height:100px" aria-hidden="true" class="wp-block-spacer"></div>



<h2 class="wp-block-heading has-text-align-center">EMPRESAS PARTICIPANTES</h2>


<p>[tlpteam id=»60&#8243; title=»Empresas»]</p>



<div style="height:100px" aria-hidden="true" class="wp-block-spacer"></div>



<h2 class="wp-block-heading has-text-align-center">OPORTUNIDADES</h2>


<div class="wp-block-image">
<figure class="aligncenter size-full is-resized"><img decoding="async" src="https://fet00.etsit.uma.es/wp-content/uploads/2023/02/C1.png" alt="Aprende" class="wp-image-113" style="width:157px;height:157px"/></figure></div>


<p class="has-text-align-center"><strong>Aprende</strong></p>



<p class="has-text-align-center">Actividades para prepararse para el mundo laboral.</p>


<div class="wp-block-image">
<figure class="aligncenter size-full is-resized"><img decoding="async" src="https://fet00.etsit.uma.es/wp-content/uploads/2023/02/C2.png" alt="Pregunta" class="wp-image-114" style="width:136px;height:136px"/></figure></div>


<p class="has-text-align-center"><strong>Pregunta a expertos</strong></p>



<p class="has-text-align-center">Tu oportunidad para preguntar todas tus dudas a profesionales de diferentes compañías.</p>


<div class="wp-block-image">
<figure class="aligncenter size-full is-resized"><img decoding="async" src="https://fet00.etsit.uma.es/wp-content/uploads/2023/02/C3.png" alt="Activate" class="wp-image-115" style="width:157px;height:157px"/></figure></div>


<p class="has-text-align-center has-regular-font-size"><strong>Actívate</strong></p>



<p class="has-text-align-center">No esperes más, comienza a buscarte un futuro laboral prometedor.<br></p>


<div class="wp-block-image">
<figure class="aligncenter size-full is-resized"><img decoding="async" src="https://fet00.etsit.uma.es/wp-content/uploads/2023/02/C4-2.png" alt="Explora" class="wp-image-120" style="width:157px;height:157px"/></figure></div>


<p class="has-text-align-center has-regular-font-size"><strong>Explora</strong></p>



<p class="has-text-align-center">Conoce de primera mano los perfiles más buscados para las empresas, y prepárate para ello.<br></p>



<p></p>



<div style="height:100px" aria-hidden="true" class="wp-block-spacer"></div>



<h2 class="wp-block-heading has-text-align-center">¿Dónde?</h2>



<p>E.T.S.I. de Telecomunicación, Universidad de Málaga<br>Campus de Teatinos, Bulevar Louis Pasteur nº 35<br>29071 Málaga, España</p>


<p>[wpgmza id=»1&#8243;]</p>



<p></p>



<p>¿Cómo llegar?</p>



<p>Las&nbsp;<a href="http://www.emtmalaga.es/emt-classic/home.html" target="_blank" rel="noreferrer noopener">líneas de autobuses</a>&nbsp;que tienen paradas más próximas a la Escuela son:</p>



<ul>
<li><strong>Línea 8</strong>&nbsp;(Alameda Principal &#8211; Colonia Santa Inés &#8211; Clínico) &#8211;&nbsp;<strong>Parada 2251</strong>&nbsp;(Hospital Clínico)</li>



<li><strong>Línea 11</strong>&nbsp;(Universidad &#8211; Alameda Principal &#8211; El Palo: P. Virginia)-<strong>Parada 2056</strong>&nbsp;(Louis Pasteur)</li>



<li><strong>Línea 22</strong>&nbsp;(Avda. de Moliere &#8211; Tiro de Pichón &#8211; Universidad) &#8211;&nbsp;<strong>Parada 2206</strong>&nbsp;(Louis Pasteur)</li>



<li><strong>Línea 25</strong>&nbsp;(Paseo del Parque &#8211; Campanillas &#8211; Maqueda) &#8211;&nbsp;<strong>Parada 2502</strong>&nbsp;(Andrés Llorden)</li>
</ul>



<p>Las&nbsp;<a href="http://metromalaga.es/lineas-y-mapas/" target="_blank" rel="noreferrer noopener">líneas de metro</a>&nbsp;que tienen paradas más próximas a la Escuela son:</p>



<ul>
<li><strong>Línea 1</strong>&nbsp;(Andalucía Tech &#8211; El Perchel) &#8211;&nbsp;<strong>Parada Hospital Clínico</strong></li>
</ul>

<p>¿QUÉ ES EL FET? El Foro de Empresas de Telecomunicación nace con la intención de fortalecer la relación entre la Escuela Técnica Superior de Ingeniería de Telecomunicación de la Universidad de Málaga y el mundo laboral del sector de las tecnologías de la información y las comunicaciones. Permitirá a los estudiantes, docentes e investigadores ser&#8230;</p>
